80.
40
Calculate the highest common factor of 1016600 and 9350.
850
Calculate the highest common factor of 576 and 412272.
144
What is the greatest common factor of 21 and 67249?
7
What is the greatest common factor of 46762 and 618?
206
Calculate the highest common divisor of 70 and 18256.
14
Calculate the highest common divisor of 57 and 11077.
19
What is the greatest common divisor of 60 and 381090?
30
Calculate the highest common divisor of 7341924 and 12.
12
What is the highest common factor of 40 and 150720?
40
What is the highest common factor of 16410 and 24?
6
What is the highest common divisor of 204 and 6647?
17
What is the highest common divisor of 127550 and 175?
25
What is the highest common divisor of 1012 and 621?
23
Calculate the highest common factor of 37978 and 408.
34
What is the greatest common divisor of 22 and 38687?
11
What is the highest common divisor of 2783 and 9196?
121
What is the highest common divisor of 172 and 42226?
86
Calculate the highest common factor of 3277 and 232.
29
What is the highest common factor of 345198 and 126?
42
Calculate the highest common divisor of 661 and 8039743.
661
What is the highest common divisor of 483 and 1512?
21
What is the greatest common factor of 1045 and 2640?
55
What is the greatest common divisor of 55 and 406925?
5
What is the highest common factor of 10728 and 648?
72
What is the greatest common factor of 28007 and 14?
7
Calculate the greatest common factor of 190072 and 230.
46
Calculate the highest common factor of 1791 and 576.
9
Calculate the greatest common divisor of 13496545 and 118.
59
Calculate the greatest common divisor of 1040 and 88660.
260
What is the greatest common factor of 306220 and 3660?
1220
Calculate the greatest common divisor of 749 and 33919.
107
Calculate the greatest common divisor of 28 and 1582.
14
Calculate the highest common divisor of 225 and 277275.
75
Calculate the highest common divisor of 3441 and 837.
93
Calculate the greatest common divisor of 245 and 613774.
49
Calculate the greatest common divisor of 994 and 38822.
14
Calculate the greatest common factor of 10 and 53005.
5
What is the highest common divisor of 12 and 477?
3
Calculate the greatest common factor of 17006 and 99.
11
What is the highest common divisor of 14665 and 1015?
35
What is the highest common factor of 450 and 21510?
90
Calculate the greatest common divisor of 340462 and 2.
2
Calculate the greatest common divisor of 1887119 and 221.
221
What is the highest common factor of 3696 and 39116?
308
What is the highest common factor of 484262 and 34?
34
What is the highest common factor of 358 and 4475?
179
What is the greatest common factor of 162 and 37476?
54
Calculate the highest common divisor of 799 and 60254.
47
What is the highest common divisor of 284 and 378004?
284
What is the greatest common factor of 697629 and 102?
51
What is the highest common divisor of 50 and 13880?
10
What is the highest common divisor of 33085 and 6695?
65
What is the greatest common factor of 48 and 395344?
16
What is the greatest common factor of 1660 and 63?
1
Calculate the greatest common divisor of 210 and 9835.
35
What is the greatest common divisor of 8658 and 306?
18
Calculate the greatest common factor of 418 and 5195531.
209
What is the highest common factor of 572527 and 228?
19
What is the highest common factor of 256 and 46720?
128
What is the highest common divisor of 1254 and 5700?
114
Calculate the greatest common factor of 464750 and 1000.
250
Calculate the highest common factor of 624148 and 28.
28
Calculate the highest common factor of 290655 and 6885.
135
What is the greatest common factor of 238 and 13118?
14
What is the greatest common divisor of 69973 and 4509?
167
Calculate the highest common factor of 1752 and 60663.
219
What is the highest common factor of 135 and 70905?
15
What is the greatest common factor of 465199 and 7?
7
What is the greatest common factor of 2160 and 10?
10
Calculate the highest common factor of 54426 and 16638.
282
Calculate the highest common factor of 691024 and 16.
16
What is the greatest common factor of 139797 and 45?
9
Calculate the highest common factor of 39760 and 639.
71
What is the greatest common divisor of 19564 and 11096?
292
Calculate the greatest common factor of 2475 and 540.
45
What is the highest common divisor of 38212 and 274940?
932
Calculate the highest common divisor of 3096 and 18189.
387
What is the greatest common factor of 961 and 871627?
961
What is the highest common factor of 133 and 1691?
19
What is the greatest common factor of 116 and 641306?
58
What is the highest common divisor of 1704 and 5254?
142
What is the greatest common factor of 67304 and 12172?
716
Calculate the highest common factor of 3822 and 400998.
78
Calculate the highest common factor of 29210 and 690.
230
What is the highest common factor of 212 and 12773?
53
What is the greatest common divisor of 8320 and 42880?
640
What is the greatest common factor of 45758 and 1918?
274
Calculate the highest common factor of 156 and 578708.
52
What is the greatest common divisor of 131726 and 122899?
679
What is the greatest common divisor of 3434 and 12478?
34
What is the highest common factor of 49896 and 8624?
616
Calculate the highest common factor of 8061 and 36.
3
What is the greatest common divisor of 3883 and 28946?
353
Calculate the highest common divisor of 186409 and 228.
19
Calculate the greatest common divisor of 1435492 and 492.
164
What is the greatest common divisor of 6016 and 3456?
128
Calculate the highest common divisor of 87800 and 112.
8
Calculate the highest common divisor of 522 and 5394.
174
What is the greatest common factor of 3742271 and 26?
13
Calculate the highest common divisor of 48645 and 25.
5
What is the greatest common divisor of 213 and 42458?
71
Calculate the greatest common factor of 466 and 223.
1
Calculate the greatest common divisor of 3328 and 699712.
832
What is the greatest common factor of 2709 and 17673?
129
What is the highest common divisor of 1020 and 14484?
204
What is the highest common divisor of 55607 and 51?
17
What is the greatest common divisor of 11085 and 105?
15
Calculate the greatest common divisor of 410540 and 9360.
260
What is the highest common factor of 4721461 and 2074?
1037
What is the highest common divisor of 69 and 1574373?
69
Calculate the highest common factor of 408 and 788.
4
Calculate the highest common factor of 11404646 and 1166.
1166
Calculate the greatest common divisor of 812 and 18154.
58
What is the greatest common divisor of 51 and 420053?
17
What is the highest common factor of 1238 and 3477542?
1238
What is the highest common divisor of 9604 and 280?
28
What is the greatest common divisor of 268 and 542?
2
What is the highest common factor of 32548 and 948?
316
Calculate the highest common divisor of 112 and 20419.
7
What is the highest common divisor of 276 and 5106?
138
What is the highest common divisor of 451 and 10967?
11
Calculate the greatest common divisor of 1059236 and 340.
68
What is the highest common factor of 5725 and 815?
5
Calculate the highest common divisor of 1866403 and 231.
77
Calculate the highest common factor of 2640160 and 174.
58
Calculate the greatest common factor of 894 and 869564.
298
What is the greatest common factor of 2249 and 60177?
13
What is the greatest common factor of 8014209 and 21?
21
Calculate the greatest common factor of 103668 and 1431.
159
Calculate the greatest common divisor of 1010551 and 6095.
1219
What is the greatest common divisor of 10750 and 2752?
86
What is the greatest common divisor of 196 and 230320?
4
Calculate the greatest common divisor of 143724 and 3009.
177
What is the highest common factor of 342 and 24039?
9
Calculate the highest common factor of 321812 and 3956.
172
What is the greatest common factor of 4140 and 18180?
180
What is the greatest common divisor of 312 and 108144?
24
Calculate the highest common divisor of 150273 and 4248.
531
Calculate the highest common factor of 240048 and 54.
18
What is the highest common factor of 859116 and 12?
12
What is the highest common factor of 2593455 and 45?
15
What is the highest common factor of 536637 and 5763?
339
What is the greatest commo